 What is y(-32)?
10
Let x(v) = v**3 + 8*v**2 + 3*v + 8. Calculate x(-8).
-16
Let i(u) = -26*u + 174. Determine i(7).
-8
Let q(w) = -3*w**2 - 66*w - 65. Determine q(-21).
-2
Let u(w) = -w + 13. Calculate u(6).
7
Let a(r) = 48*r - 623. Determine a(13).
1
Let b(g) = -2*g**2 + 44*g - 73. Give b(20).
7
Let m(v) = v**2 - 2*v - 3. Calculate m(3).
0
Let s(b) = -b**2 + 30*b - 51. What is s(29)?
-22
Let f(a) = -21*a - 5. Give f(0).
-5
Let q(i) = 6*i. What is q(2)?
12
Let t(l) = -13*l + 52. Calculate t(4).
0
Let j(m) = 4*m + 4. What is j(-11)?
-40
Let r(i) = -11*i**2 + 6*i - 8. Determine r(2).
-40
Let y(v) = -v**3 + 10*v**2 - 13*v. What is y(7)?
56
Let f(q) = q**2 + 13*q + 38. What is f(-7)?
-4
Let j(x) = -7*x - 153. What is j(-22)?
1
Let q(k) = 6*k + 33. Determine q(-4).
9
Let t(v) = -v**3 - 8*v**2 - 6*v - 19. Give t(-7).
-26
Let o(c) = -c**3 - 5*c**2 + 6*c - 4. Give o(-5).
-34
Let b(r) = -14*r**3 + 4*r**2 + 2*r - 2. Calculate b(-1).
14
Let q(l) = 4*l**3 + 16*l**2 - 7*l - 1. Calculate q(-4).
27
Let t(c) = -c**3 - 12*c**2 + 16*c - 11. What is t(-13)?
-50
Let c(i) = -i**3 + 13*i**2 - 6*i + 69. Determine c(13).
-9
Let t(y) = y**2 - y - 31. Give t(8).
25
Let f(n) = -n**2 + n + 14. What is f(0)?
14
Let g(x) = 2*x**2 + 33*x - 14. What is g(-17)?
3
Let o(v) = -v**3 + 8*v**2 + 7*v + 19. Calculate o(9).
1
Let z(c) = -c**3 + 17*c**2 - 32*c + 37. Determine z(15).
7
Let i(l) = -l**3 + l**2 - l + 1. Give i(0).
1
Let h(v) = -v**3 + 8*v**2 + 11*v - 16. Give h(7).
110
Let w(a) = a**2 - 24*a + 143. Give w(14).
3
Let q(l) = -l**2 - 4*l + 11. Calculate q(-5).
6
Let l(f) = -10*f**2 - 12*f + 11. What is l(1)?
-11
Let t(k) = -k**2 - 11*k - 21. Determine t(-8).
3
Let q(b) = -42*b**2 + b - 2. Calculate q(1).
-43
Let b(t) = -t**3 + 15*t**2 + 15*t + 21. Calculate b(16).
5
Let g(c) = -5*c - 9. Give g(-6).
21
Let a(v) = -v**2 - v + 14. Determine a(-7).
-28
Let n(c) = 2*c**3 - 3*c**2 + c + 4. Give n(2).
10
Let j(l) = -l**3 + 3*l**2 + 5*l - 7. Calculate j(3).
8
Let q(i) = 8*i**2 - i - 7. What is q(0)?
-7
Let l(u) = 2*u**3 - 4*u**2 + 4*u - 1. Give l(2).
7
Let j(n) = 88*n**3 + n. What is j(-1)?
-89
Let h(p) = 2*p**2 - 10*p + 34. Give h(10).
134
Let q(z) = -z**2 - 25*z - 19. What is q(-23)?
27
Let h(w) = w**2 - 2*w + 9. Determine h(0).
9
Let q(d) = d**3 - 26*d**2 - 33. Determine q(26).
-33
Let q(k) = k**3 + 12*k**2 - 9*k - 94. Calculate q(-12).
14
Let n(j) = 3*j**3 - 6*j**2 + 7*j - 5. What is n(3)?
43
Let h(x) = -x**3 + 6*x**2 + 20*x - 10. Calculate h(8).
22
Let l(x) = -16*x**2 - x + 9. Give l(-3).
-132
Let k(p) = 15*p - 107. Give k(7).
-2
Let l(t) = -t**2 + 7*t + 992. What is l(-28)?
12
Let b(a) = -2*a**2 + 30*a - 105. Calculate b(11).
-17
Let d(t) = -t**2 + 9*t - 12. Give d(11).
-34
Let a(t) = t**3 + 12*t**2 - 13*t + 32. Calculate a(-13).
32
Let y(b) = b**2 + 6*b - 10. Calculate y(-11).
45
Let p(f) = -15*f + 39. Calculate p(8).
-81
Let l(j) = -j**3 + 10*j**2 - 6*j + 7. Determine l(9).
34
Let t(w) = w**3 - 17*w - 26. Give t(-3).
-2
Let h(s) = -s**2 + 8*s + 4. Determine h(8).
4
Let u(p) = 2*p - 11. What is u(8)?
5
Let t(z) = 2*z + 1. Give t(5).
11
Let u(l) = -l**3 + 8*l**2 - 5*l + 13. Determine u(7).
27
Let f(b) = -3*b**2 - 46*b - 86. What is f(-13)?
5
Let z(j) = -j**3 - 6*j**2 + j - 4. Give z(-6).
-10
Let f(h) = h**3 + 12*h**2 - h + 3. Determine f(-12).
15
Let f(y) = -9*y**2 - 3. What is f(-1)?
-12
Let i(r) = 9*r + 5. Give i(-7).
-58
Let c(j) = -j**3 + j**2 + 2*j - 11. What is c(-3)?
19
Let o(l) = 5*l**2 + 31*l + 57. What is o(-2)?
15
Let a(x) = x**3 + 68*x**2 + 69*x + 140. Determine a(-67).
6
Let v(m) = 3*m - 105. Calculate v(37).
6
Let j(o) = -o + 11. What is j(-9)?
20
Let a(y) = y**2 - 11*y - 52. Calculate a(15).
8
Let c(v) = -v**2 - 2*v + 4. What is c(0)?
4
Let a(z) = 14*z**2 + 2*z + 1. What is a(-1)?
13
Let p(g) = g**3 - 6*g**2 - 37. Give p(7).
12
Let w(j) = -3*j - 110. Calculate w(-28).
-26
Let s(j) = -3*j**2 - 2*j. Determine s(-3).
-21
Let p(f) = -f**2 - 19*f + 12. Give p(-20).
-8
Let v(c) = c**3 - 5*c**2 + c - 3. Give v(4).
-15
Let m(q) = -18*q**3 + 2*q**2 - 2*q + 1. What is m(1)?
-17
Let r(i) = i - 8. Give r(8).
0
Let p(x) = -x + 20. Determine p(-8).
28
Let z(b) = -6*b + 4. Determine z(1).
-2
Let w(b) = b - 6. Calculate w(4).
-2
Let l(i) = i**3 - 11*i**2 - 27*i + 12. Calculate l(13).
-1
Let u(j) = -4*j - 2. Calculate u(-2).
6
Let r(t) = 7*t - 10. Give r(-1).
-17
Let g(l) = 4*l. Determine g(-4).
-16
Let l(x) = -x**2 - 8*x - 10. Calculate l(-5).
5
Let t(i) = 2*i**2 + i - 27. What is t(0)?
-27
Let t(l) = -4*l - 14. What is t(-5)?
6
Let f(d) = d**3 - 14*d**2 - 19*d + 48. What is f(15)?
-12
Let z(v) = -2*v**2 - 11*v. What is z(-8)?
-40
Let j(i) = -i**2 - i + 38. Give j(5).
8
Let p(i) = 2*i**3 + 36*i**2 + 20. Give p(-18).
20
Let f(s) = -s + 3. Calculate f(13).
-10
Let t(q) = 10*q - 11. Calculate t(2).
9
Let j(r) = 65*r + 1367. What is j(-21)?
2
Let t(o) = -14*o - 247. Calculate t(-18).
5
Let u(l) = -27*l**2 - l + 2. What is u(1)?
-26
Let x(j) = 8*j + 27. Calculate x(-4).
-5
Let t(a) = a**3 - a**2 - 5*a + 5. What is t(2)?
-1
Let m(f) = -f**3 + 8*f**2 - 14*f - 2. Give m(5).
3
Let z(k) = -4*k**2 - 2*k + 6. Give z(2).
-14
Let h(z) = -z**2 + 7*z - 3. Give h(8).
-11
Let b(v) = -v - 11. What is b(0)?
-11
Let j(y) = 10*y - 16. Give j(-5).
-66
Let r(t) = -t**3 + 2*t**2 + 4*t + 2. Give r(4).
-14
Let l(j) = 248*j + 4. What is l(1)?
252
Let b(l) = -l**2 + 2*l + 31. Give b(0).
31
Let n(t) = 4*t + 125. Determine n(-32).
-3
Let c(j) = j**3 - 15*j**2 + 38*j + 4. What is c(8)?
-140
Let s(n) = -2*n + 4. What is s(-7)?
18
Let i(d) = -d**3 + 11*d**2 + 3*d + 3. Calculate i(12).
-105
Let n(y) = -4*y**3 - 2*y**2 + y + 2. Calculate n(2).
-36
Let u(w) = -w**3 + 7*w**2 + 7*w + 4. Determine u(8).
-4
Let t(a) = -a**2 + 12*a - 5. Determine t(12).
-5
Let m(h) = 2*h**3 + 7*h**2 + 9*h - 4. Give m(-4).
-56
Let s(y) = 8*y**2 + 6*y + 28. Give s(-3).
82
Let b(a) = a**2 + 16*a + 58. Give b(-11).
3
Let c(u) = 11*u**2 + 4*u - 4. Calculate c(2).
48
Let c(h) = 25*h + 126. Calculate c(-5).
1
Let m(q) = q**3 + 3*q**2 - 6*q - 6. Determine m(-5).
-26
Let x(t) = -t**3 - 5*t**2 + 10*t + 1. Calculate x(-7).
29
Let a(x) = -4*x + 175. Determine a(35).
35
Let d(t) = t**3 - 16*t**2 + 2*t - 17. Calculate d(16).
15
Let l(w) = -2*w + 11. What is l(9)?
-7
Let j(r) = 3*r**3 - 18*r**2 + 14*r + 6. Give j(5).
1
Let o(b) = b**2 + 6*b - 4. Determine o(-7).
3
Let u(n) = n**2 - 5*n - 7. Calculate u(6).
-1
Let x(r) = -2*r**2 + 88*r - 81. Determine x(43).
5
Let z(l) = l**3 - 6*l**2 + 3*l - 8. What is z(5)?
-18
Let i(k) = -5*k + 55. Determine i(4).
35
Let b(s) = 2*s + 9. Determine b(-4).
1
Let h(x) = x**2 - 9*x - 21. What is h(10)?
-11
Let b(a) = -9*a - 2. What is b(-5)?
43
Let q(g) = -g**2 - 10*g - 17. Determine q(-5).
8
Let t(n) = -n - 7. Give t(-14).
7
Let i(g) = g**2 - 2*g - 12. Determine i(0).
-12
Let b(r) = r**3 - 2*r**2 - 17*r + 14. Calculate b(5).
4
Let z(b) = -b**3 + 8*b**2 + 7*b + 7. Determine z(9).
-11
Let s(y) = -y**3 - 7*y**2 - 9*y - 1. Determine s(-2).
-3
Let k(h) = 3*h + 1. Give k(1).
4
Let l(d) = -d**2 - 14*d + 34. Determine l(-16).
2
Let o(x) = x**3 + 3*x**2 + 3*x - 4. Calculate o(-2).
-6
Let r(o) = -2*o - 11. Give r(-4).
-3
Let z(h) = -2*h**3 + 3*h**2 + 2*h - 4. What is z(2)?
-4
Let m(h) = -h**3 - 13*h**2 - 8*h + 7. Give m(-12).
-41
Let o(u) = 2*u**3 + 55*u**2 + 26*u - 32. Give o(-27).
-5
Let k(x) = x**3 - 6*x**2 + 2. What is k(6)?
2
Let m(g) = g**2 + 17*g + 15. Determine m(-11).
-51
Let f(t) = -t**3 - 6*t**2 - 4*t + 10. What is f(-5)?
5
Let b(x) = -x**2 - 17*x - 17. What is b(-16)?
-1
Let g(p) = 10*p + 8. Determine g(3).
38
Let d(i) = -i**2 - 22*i - 57. Give d(-3).
0
Let f(g) = -53*g - 14. Give f(1).
-67
Let v(g) = -21*g - 14. Give v(-1).
7
Let z(g) = -4*g - 30. Determine z(-6).
-6
Let d(n) = 3*n + 5. Calculate d(-4).
-7
Let h(j) = 2*j**2 + 14*j + 12. Give h(-7).
12
Let x(f) = f**3 + 8*f**2 - 3*f + 53. What is x(-9)?
-1
Let o(j) = j**3 - 5*j**2 + 3*j - 18. What is o(5)?
-3
Let y(q) = 2*q + 7. Calculate y(-2).
3
Let t(w) = -w**3 - w**2 - 2*w - 8. What is t(0)?
-8
Let z(p) = -4*p**2 + p + 7. Calculate z(4).
-53
Let z(n) = n**3 - 9*n**2 - 10*n - 5. Calculate z(10).
-5
Let j(h) = h**3 + 16*h**2 - h - 25. Calculate j(-16).
-9
Let b(a) = 5*a + 5. Give b(-6).
-25
Let q(n) = n**2 - 7*n - 9. Determine q(-2).
9
Let m(z) = 5*z - 43. D